 0 = p - 3*p - 2*u + 102, w = 5*p - 2*u - 255. What is the remainder when p is divided by 13?
12
Let z(a) = -53*a + 10*a - 23*a - 2 - 5*a. Let n be z(5). Calculate the remainder when 2/10 - n/15 is divided by 13.
11
Suppose 11 = t + a, -58 = -5*t + 5*a + 47. Let h = 1274 - 1164. What is the remainder when h is divided by t?
14
Let p = -452 + 518. Calculate the remainder when p is divided by 26.
14
Suppose 0 = 36*v - 37*v + 14. What is the remainder when 64 is divided by v?
8
Let d be (-3)/(-1) - (0 - -9). What is the remainder when 3/d + 973/14 is divided by 35?
34
Let m(o) = o**3 + 8*o**2 + o + 11. Let j be m(-8). Let d = j - -1. Suppose 4 = d*q - 4. Calculate the remainder when q is divided by 1.
0
Let o = -43 - -65. Let u = o - 10. Suppose 4*a - 123 = j + 2*j, a + 3*j - u = 0. Calculate the remainder when a is divided by 14.
13
Let w = 12 - 7. Suppose 0 = 12683*k - 12700*k + 1819. Calculate the remainder when k is divided by w.
2
Let d(a) = a**3 - a**2 - 2*a + 4. Let m be d(3). Let n be 12/7 - m/(-56). Let y = 3 - n. Calculate the remainder when 2 is divided by y.
0
Suppose 0 = -p + 90 + 11. What is the remainder when p is divided by 53?
48
Suppose -3*i + 189 = -2*f, 4*i + f - 72 - 191 = 0. What is the remainder when i is divided by 6?
5
Calculate the remainder when (-7)/2 - 819/(-42) is divided by 13.
3
Suppose -a = -4*a + 12. Suppose 5*r = a*u - 0*u - 90, 5*u - 131 = -3*r. Calculate the remainder when 147 is divided by u.
22
Let v(a) = 3*a + 0 + 2 - 4 - 4. Calculate the remainder when 14 is divided by v(4).
2
Suppose -29*d = -30*d + 3. Suppose 4*y - 17 = -d*b + 87, -4*y + 3*b + 104 = 0. Calculate the remainder when y is divided by 8.
2
Suppose -20 = s - 32. What is the remainder when 1307 is divided by s?
11
Let n = 254 - 130. Let p = -108 + n. What is the remainder when 29 is divided by p?
13
Let k(q) = -2*q + 1. Suppose 0*c = 2*c + 4. Let u be k(c). Suppose -u*f + 210 = -315. Calculate the remainder when f is divided by 27.
24
Let z(q) = q**2 + q - 4. Let a be z(-6). Suppose 5*g = 5*n - 110, -n + 2*g - 6 = -a. Let s = n - 3. Calculate the remainder when 40 is divided by s.
19
Let d(v) be the first derivative of 2*v**3/3 - v**2 - 3*v + 8. What is the remainder when 44 is divided by d(-2)?
8
Suppose 29*c - 30*c + 2 = 0. Suppose 3*g + 4*s - 246 + 59 = 0, c*s = g - 79. Calculate the remainder when g is divided by 36.
33
Suppose 0 = -3*v - 5*b + 59, 22*v - 24*v + b = -61. Let i(p) = -19*p - 2. What is the remainder when i(-3) is divided by v?
27
Suppose 3*l + 4*t = 8, -4*l + 0*t + 3*t - 31 = 0. Let z = 123 - 114. Calculate the remainder when 204/(-8)*l/3 is divided by z.
7
Let g be (-102 + 10)*(-2)/(-4). Calculate the remainder when (52/(-6))/(g/1587) is divided by 20.
19
Let p = -171 + 261. Calculate the remainder when p is divided by 19.
14
Let n = -500 - -515. What is the remainder when 71 is divided by n?
11
Let c(f) = f - 25. Let d(t) = t - 12. Let p(y) = -4*c(y) + 9*d(y). What is the remainder when 13 is divided by p(3)?
6
Let u(b) = 3*b**2 - 20*b + 33. Calculate the remainder when 130 is divided by u(0).
31
Let p(y) = -2*y**2 + y + 1. Let u be p(-1). Let z be (-5)/25*(u + -8). What is the remainder when (4/10)/(z/320) is divided by 13?
12
Let a = -52 - -93. Suppose 4*t + 4*b = 32, 5*t - 2 - 37 = -4*b. What is the remainder when a is divided by t?
6
Let t = -158 - -221. What is the remainder when t is divided by 9 - (1 + -2 + -1)?
8
Suppose 0 = 4*m + 16, r + 4*m - 15 = 10. Calculate the remainder when r is divided by 9.
5
Suppose -212 = -x - 2*x + 5*j, 204 = 3*x - 3*j. What is the remainder when x is divided by 22?
20
Suppose 5*v + 31 + 14 = 0. Suppose 4*w - 8 = -2*l, 5*l + 5*w - 13 = 22. What is the remainder when l is divided by 0 - v/6*2?
1
Calculate the remainder when -1 + 432 - (-2)/(-38)*19 is divided by 24.
22
Let t(i) = -i**3 - 11*i**2 - 13*i + 6. Suppose -3*w + 12 = -2*h + 49, -2*h - w = -41. Calculate the remainder when t(-10) is divided by h.
16
Suppose -35 = n - 135. Calculate the remainder when n is divided by 51.
49
Let s(i) = -i**3 - 5*i**2 - 6*i - 7. Let u be s(-4). Suppose -4*p + 55 = -u. Calculate the remainder when p is divided by 10.
4
Let c(l) = l. Let m(x) = -3*x + 4. Let o(s) = 4*c(s) + m(s). Let p be o(-4). Suppose p*w - w = -3. Calculate the remainder when 11 is divided by w.
2
What is the remainder when 54 is divided by 23 + (-20 - -2)/2?
12
Let b = -182 - -234. What is the remainder when 100 is divided by b?
48
Let o be 2/(-13) - 3960/(-52). Suppose 2*z - 3*v = z + 12, 4*z - 5*v = o. What is the remainder when 45 is divided by z?
21
Let y = 133 + -100. What is the remainder when 459 is divided by y?
30
Let m(y) = -9*y**3 - 2*y**2 + y - 1. Let u(b) = 12*b**2 - 1586*b + 1599*b - b**3 + 9 + 7. What is the remainder when m(-2) is divided by u(13)?
13
Suppose -5*g - 2*v + 42 = 0, -2*g + 20 + 8 = -2*v. What is the remainder when 275 is divided by g?
5
Suppose -4*h = 4, -l - 2*h = -4*h - 21. Calculate the remainder when 279 is divided by l.
13
Suppose 2*g = 15 + 9. Suppose 0*c - 3*c + 62 = x, 0 = -3*x + c + 236. What is the remainder when x is divided by g*((-20)/(-6))/2?
17
Suppose -38 = -3*f + 58. What is the remainder when f is divided by 11?
10
Let d(c) = c + 29. What is the remainder when 18 is divided by d(-18)?
7
Let w = -838 + 895. Let i = 39 - 19. Calculate the remainder when w is divided by i.
17
Let s(a) = a**2 - 14*a - 11. Suppose -8*z + 6*z + 250 = 0. Calculate the remainder when z is divided by s(16).
20
Suppose 267 - 896 = -17*z. Calculate the remainder when 79 is divided by z.
5
Let y = 163 + -114. What is the remainder when 97 is divided by y?
48
What is the remainder when 43 is divided by 1/(-2) - -2*(-45)/(-4)?
21
Let g(j) = j**3 - j**2 + 3. Let c = -23 + 25. Calculate the remainder when 34 is divided by g(c).
6
Suppose 0 = -5*j + 5*q - 16 + 41, 0 = -3*j - 5*q - 25. Calculate the remainder when 72 is divided by -1 + j/2 + 32/2.
12
Let z(i) = 8*i - 345. Let s(q) = -5*q**3 + q**2 + q - 1. Let b be s(1). What is the remainder when z(46) is divided by (-14)/(-3) + b/6?
3
Let a(s) = -s**2 + 7*s - 1. Suppose -2*z = -4*h - 7*z - 5, -z = 2*h + 1. Suppose h = y - 4*y + 18. Calculate the remainder when 12 is divided by a(y).
2
What is the remainder when 213 is divided by 20*2*((-22)/4 - -6)?
13
Let w(j) = j**3 - 41*j**2 + 82*j - 154. What is the remainder when 220 is divided by w(39)?
0
Let o = -40 + 43. Suppose 455 = 2*c + o*c. Calculate the remainder when c is divided by 31.
29
Let g = -32 + 34. Suppose -4*p + 5*s + 64 = 0, 2*p + g*s = -p + 25. Calculate the remainder when 38 is divided by p.
5
Suppose -153*m + 9*m + 124 + 452 = 0. Suppose -1 = r + 3*n, 4*r - 3*n - 25 = 1. Suppose 8*u = 3*u + r. What is the remainder when m is divided by u?
0
Let h = 92 - 157. Let i = -51 - h. Let f(x) = -x**3 - 2*x**2 + 4*x - 1. What is the remainder when f(-5) is divided by i?
12
Suppose -j - 4*l = -9, 2*j + 22 = 4*j + 4*l. Let r = -369 + 255. Let g = -77 - r. Calculate the remainder when g is divided by j.
11
Let t(c) = 23*c + 4. Let u be t(-1). Let h = 28 - u. What is the remainder when h is divided by 17?
13
Suppose 0 = -4*m - 26 + 158. Let a be (4/5)/(4/50). Let b = a + -1. What is the remainder when m is divided by b?
6
Suppose -2*h = -5*d - 41, -3*d = -h + 24 - 1. Suppose 25*f - 23*f = h. Suppose -z - s = -3, -7 = -2*z + s + 5. What is the remainder when z is divided by f?
1
Let h = 1108 + -1008. Calculate the remainder when h is divided by 36.
28
Let i(m) = -m**3 + 7*m**2 + 18*m - 122. Calculate the remainder when 252 is divided by i(6).
10
Suppose 4*r = -3 + 59. Suppose 2*c + c - 12 = 0. Suppose c - 34 = -6*d. Calculate the remainder when r is divided by d.
4
Suppose 0*j - 212 = 4*j. Let w = j - -97. What is the remainder when w is divided by 17?
10
Suppose g - j - 4*j - 57 = 0, -5*g + 229 = 3*j. Calculate the remainder when 150 is divided by g.
9
Let f(y) = y**3 - 5*y**2 - 5*y + 1. Let n = 19 + -13. Let r be f(n). Calculate the remainder when 47 is divided by r*((-99)/(-21) - 3).
11
Suppose -1 - 7 = -p. Let l be (0 + -8)*(-4)/p. Let h = 0 + l. What is the remainder when 10 is divided by h?
2
Let w = -18 + 26. Suppose 0 = -0*z + w*z - 168. Calculate the remainder when z is divided by 6.
3
Calculate the rema